alculate the remainder when 237061781 is divided by 46.
45
What is the remainder when 630241 is divided by 126?
115
Calculate the remainder when 2337946 is divided by 779312.
10
Calculate the remainder when 1862645 is divided by 418.
37
What is the remainder when 23688868 is divided by 207?
202
Calculate the remainder when 21202737 is divided by 170.
167
What is the remainder when 33160 is divided by 4730?
50
Calculate the remainder when 38141470 is divided by 12713808.
46
Calculate the remainder when 23791035 is divided by 7930325.
60
Calculate the remainder when 16606668 is divided by 2239.
5
Calculate the remainder when 26643139 is divided by 476.
467
Calculate the remainder when 1533796 is divided by 3156.
3136
Calculate the remainder when 793134 is divided by 402.
390
What is the remainder when 58063 is divided by 192?
79
Calculate the remainder when 26752 is divided by 670.
622
What is the remainder when 302482 is divided by 21282?
4534
Calculate the remainder when 447650 is divided by 58.
6
What is the remainder when 501611 is divided by 167117?
260
What is the remainder when 927452 is divided by 365?
352
What is the remainder when 987300 is divided by 167?
163
Calculate the remainder when 76151 is divided by 1528.
1279
Calculate the remainder when 12373 is divided by 3283.
2524
What is the remainder when 96526687 is divided by 16087780?
7
What is the remainder when 257126 is divided by 28358?
1904
What is the remainder when 49276 is divided by 97?
0
Calculate the remainder when 2330711 is divided by 8666.
8223
Calculate the remainder when 22126 is divided by 22061.
65
What is the remainder when 105452255 is divided by 27?
2
Calculate the remainder when 60212236 is divided by 5313.
7
What is the remainder when 123526 is divided by 6646?
3898
What is the remainder when 46834 is divided by 158?
66
What is the remainder when 5811935 is divided by 7105?
45
What is the remainder when 19896 is divided by 24?
0
Calculate the remainder when 185457 is divided by 614.
29
What is the remainder when 687948 is divided by 229291?
75
Calculate the remainder when 519036 is divided by 2508.
2388
What is the remainder when 127461 is divided by 810?
291
Calculate the remainder when 6829865 is divided by 51.
47
Calculate the remainder when 439495629 is divided by 432.
429
What is the remainder when 750039 is divided by 374716?
607
Calculate the remainder when 32153756 is divided by 40.
36
Calculate the remainder when 329195 is divided by 17324.
39
What is the remainder when 198667 is divided by 197550?
1117
Calculate the remainder when 958643 is divided by 5606.
17
Calculate the remainder when 2410808 is divided by 1205331.
146
Calculate the remainder when 370618 is divided by 122953.
1759
Calculate the remainder when 14127331 is divided by 54.
13
Calculate the remainder when 22005 is divided by 202.
189
Calculate the remainder when 3473193 is divided by 1490.
3
Calculate the remainder when 5383189 is divided by 1345790.
29
Calculate the remainder when 45581 is divided by 452.
381
Calculate the remainder when 761491 is divided by 253794.
109
What is the remainder when 2937332 is divided by 144?
20
What is the remainder when 15875285 is divided by 267?
266
Calculate the remainder when 3594874 is divided by 3594870.
4
Calculate the remainder when 276045 is divided by 45979.
171
What is the remainder when 213690077 is divided by 131?
126
What is the remainder when 90328 is divided by 22572?
40
What is the remainder when 210636 is divided by 3009?
6
What is the remainder when 3619 is divided by 428?
195
What is the remainder when 55190 is divided by 1791?
1460
Calculate the remainder when 12344 is divided by 5836.
672
Calculate the remainder when 32263338 is divided by 686454.
0
Calculate the remainder when 458999 is divided by 229487.
25
Calculate the remainder when 25898878 is divided by 470.
468
Calculate the remainder when 197800 is divided by 38.
10
What is the remainder when 375243 is divided by 125066?
45
What is the remainder when 601539 is divided by 1208?
1163
What is the remainder when 123233 is divided by 1048?
617
Calculate the remainder when 11097371 is divided by 1716.
1715
Calculate the remainder when 18159 is divided by 4537.
11
What is the remainder when 8533239 is divided by 1177?
1166
Calculate the remainder when 478849 is divided by 330.
19
What is the remainder when 15546807 is divided by 1195908?
3
Calculate the remainder when 371942602 is divided by 972.
970
What is the remainder when 373503 is divided by 206?
25
What is the remainder when 212131 is divided by 21187?
261
What is the remainder when 146625468 is divided by 3155?
3153
What is the remainder when 8628970 is divided by 57?
25
Calculate the remainder when 28641 is divided by 14292.
57
What is the remainder when 217098 is divided by 829?
729
What is the remainder when 4355305 is divided by 228?
49
Calculate the remainder when 3113744 is divided by 3756.
20
What is the remainder when 3555390 is divided by 86?
64
Calculate the remainder when 309218 is divided by 136.
90
What is the remainder when 776159 is divided by 632?
63
What is the remainder when 222565 is divided by 55614?
109
What is the remainder when 897372 is divided by 35875?
497
What is the remainder when 843418 is divided by 66?
4
Calculate the remainder when 818148 is divided by 136343.
90
What is the remainder when 33776026 is divided by 33776015?
11
What is the remainder when 217278419 is divided by 217278412?
7
Calculate the remainder when 3461126 is divided by 44.
42
Calculate the remainder when 519023 is divided by 8508.
35
Calculate the remainder when 226326 is divided by 658.
632
Calculate the remainder when 106875 is divided by 98.
55
Calculate the remainder when 39348079 is divided by 255507.
1
What is the remainder when 10484751 is divided by 1187?
1167
Calculate the remainder when 33823169 is divided by 16911581.
7
What is the remainder when 66270 is divided by 1542?
1506
Calculate the remainder when 125685 is divided by 17948.
49
What is the remainder when 13424378 is divided by 1279?
1273
Calculate the remainder when 7344973 is divided by 24.
13
Calculate the remainder when 41121107 is divided by 1134.
1133
Calculate the remainder when 308880 is divided by 6570.
90
Calculate the remainder when 1424624 is divided by 680.
24
Calculate the remainder when 74547993 is divided by 942.
939
Calculate the remainder when 349012 is divided by 38727.
469
Calculate the remainder when 68334 is divided by 68231.
103
What is the remainder when 1158425 is divided by 1368?
1097
What is the remainder when 565620591 is divided by 188540192?
15
Calculate the remainder when 354197 is divided by 11537.
8087
Calculate the remainder when 3494969 is divided by 5117.
58
What is the remainder when 7138087 is divided by 1574?
1571
Calculate the remainder when 3698851 is divided by 924690.
91
What is the remainder when 28410630 is divided by 8?
6
Calculate the remainder when 8060742 is divided by 190.
182
Calculate the remainder when 11757 is divided by 1065.
42
What is the remainder when 1113796 is divided by 303?
271
What is the remainder when 25551 is divided by 5826?
2247
What is the remainder when 6661 is divided by 2797?
1067
Calculate the remainder when 367228 is divided by 2643.
2494
Calculate the remainder when 4121472 is divided by 7.
5
What is the remainder when 78157354 is divided by 1161?
1156
What is the remainder when 29195 is divided by 3452?
1579
What is the remainder when 70149509 is divided by 61?
58
Calculate the remainder when 45085865 is divided by 145.
0
Calculate the remainder when 19817555 is divided by 1002.
1001
What is the remainder when 846289 is divided by 421106?
4077
What is the remainder when 53437789 is divided by 8225?
8189
What is the remainder when 1630499 is divided by 804?
791
What is the remainder when 28064753 is divided by 34?
31
What is the remainder when 7022597 is divided by 2340819?
140
What is the remainder when 31791 is divided by 31770?
21
What is the remainder when 1511428 is divided by 5106?
52
What is the remainder when 360794 is divided by 201?
200
What is the remainder when 6815451 is divided by 101723?
10
Calculate the remainder when 18969 is divided by 822.
63
Calculate th